{"id":4122,"date":"2017-08-16T13:23:29","date_gmt":"2017-08-16T13:23:29","guid":{"rendered":"https:\/\/ed-bussresor.se\/?page_id=4122"},"modified":"2025-11-24T07:13:35","modified_gmt":"2025-11-24T07:13:35","slug":"infor-resan","status":"publish","type":"page","link":"https:\/\/ed-bussresor.se\/?page_id=4122","title":{"rendered":"Inf\u00f6r resan"},"content":{"rendered":"\n\t<section class=\"section\" id=\"section_1558937855\">\n\t\t<div class=\"bg section-bg fill bg-fill  bg-loaded\" >\n\n\t\t\t\n\t\t\t\n\t\t\t\n\n\t\t<\/div>\n\n\t\t\n\n\t\t<div class=\"section-content relative\">\n\t\t\t\n\n<div class=\"row row-collapse row-full-width align-center\"  id=\"row-681204371\">\n\n\n\t<div id=\"col-662634732\" class=\"col small-12 large-12\"  >\n\t\t\t\t<div class=\"col-inner\"  >\n\t\t\t\n\t\t\t\n\n<div class=\"slider-wrapper relative\" id=\"slider-2123920147\" >\n    <div class=\"slider slider-nav-circle slider-nav-large slider-nav-light slider-style-normal\"\n        data-flickity-options='{\n            \"cellAlign\": \"center\",\n            \"imagesLoaded\": true,\n            \"lazyLoad\": 1,\n            \"freeScroll\": false,\n            \"wrapAround\": true,\n            \"autoPlay\": 6000,\n            \"pauseAutoPlayOnHover\" : true,\n            \"prevNextButtons\": true,\n            \"contain\" : true,\n            \"adaptiveHeight\" : true,\n            \"dragThreshold\" : 10,\n            \"percentPosition\": true,\n            \"pageDots\": true,\n            \"rightToLeft\": false,\n            \"draggable\": true,\n            \"selectedAttraction\": 0.1,\n            \"parallax\" : 0,\n            \"friction\": 0.6        }'\n        >\n        \n\n\n  <div class=\"banner has-hover\" id=\"banner-653787721\">\n          <div class=\"banner-inner fill\">\n        <div class=\"banner-bg fill\" >\n            <div class=\"bg fill bg-fill \"><\/div>\n                                    \n                    <\/div>\n\t\t\n        <div class=\"banner-layers container\">\n            <div class=\"fill banner-link\"><\/div>            \n\n   <div id=\"text-box-716612396\" class=\"text-box banner-layer x50 md-x50 lg-x50 y50 md-y50 lg-y50 res-text\">\n                                <div class=\"text-box-content text dark\">\n              \n              <div class=\"text-inner text-center\">\n                  \n\n<h2 class=\"uppercase\"><strong>V\u00e4lkommen ombord!<\/strong><\/h2>\n\n              <\/div>\n           <\/div>\n                            \n<style>\n#text-box-716612396 {\n  width: 60%;\n}\n#text-box-716612396 .text-box-content {\n  font-size: 100%;\n}\n<\/style>\n    <\/div>\n \n\n        <\/div>\n      <\/div>\n\n            \n<style>\n#banner-653787721 {\n  padding-top: 500px;\n}\n#banner-653787721 .bg.bg-loaded {\n  background-image: url(https:\/\/ed-bussresor.se\/wp-content\/uploads\/2019\/10\/IMG-0762.jpg);\n}\n#banner-653787721 .bg {\n  background-position: 63% 40%;\n}\n#banner-653787721 .ux-shape-divider--top svg {\n  height: 150px;\n  --divider-top-width: 100%;\n}\n#banner-653787721 .ux-shape-divider--bottom svg {\n  height: 150px;\n  --divider-width: 100%;\n}\n<\/style>\n  <\/div>\n\n\n\n     <\/div>\n\n     <div class=\"loading-spin dark large centered\"><\/div>\n\n     \t<\/div>\n\n\n\n\t\t<\/div>\n\t\t\t\t\t<\/div>\n\n\t\n\n<\/div>\n\n\t\t<\/div>\n\n\t\t\n<style>\n#section_1558937855 {\n  padding-top: 0px;\n  padding-bottom: 0px;\n}\n#section_1558937855 .ux-shape-divider--top svg {\n  height: 150px;\n  --divider-top-width: 100%;\n}\n#section_1558937855 .ux-shape-divider--bottom svg {\n  height: 150px;\n  --divider-width: 100%;\n}\n<\/style>\n\t<\/section>\n\t\n<div class=\"row\"  id=\"row-1277787300\">\n\n\n\t<div id=\"col-1050815019\" class=\"col small-12 large-12\"  >\n\t\t\t\t<div class=\"col-inner\"  >\n\t\t\t\n\t\t\t\n\n<div class=\"row\"  id=\"row-249489108\">\n\n\n\t<div id=\"col-1105816356\" class=\"col small-12 large-12\"  >\n\t\t\t\t<div class=\"col-inner\"  >\n\t\t\t\n\t\t\t\n\n<div class=\"container section-title-container\" ><h3 class=\"section-title section-title-normal\"><b><\/b><span class=\"section-title-main\" >BOKNINGSF\u00d6RFR\u00c5GAN<\/span><b><\/b><\/h3><\/div>\n\n<p>Hos ED BUSSRESOR kan ni hyra buss f\u00f6r n\u00e4stan alla t\u00e4nkbara tillf\u00e4llen. Fr\u00e5n kompletta paketresor d\u00e4r allting planerats utifr\u00e5n era \u00f6nskem\u00e5l till br\u00f6llopstransfer tt.ex. mellan festlokal och kyrkan.<\/p>\n\n\t\t<\/div>\n\t\t\t\t\t<\/div>\n\n\t\n\n<\/div>\n<div class=\"container section-title-container\" ><h3 class=\"section-title section-title-center\"><b><\/b><span class=\"section-title-main\" >ATT RESA MED OSS<\/span><b><\/b><\/h3><\/div>\n\n\n\t\t<\/div>\n\t\t\t\t\t<\/div>\n\n\t\n\n<\/div>\n<div class=\"container section-title-container\" ><h3 class=\"section-title section-title-normal\"><b><\/b><span class=\"section-title-main\" >S\u00e5 reser du med oss<\/span><b><\/b><\/h3><\/div>\n\n<div class=\"row\"  id=\"row-1321519283\">\n\n\n\t<div id=\"col-1295942490\" class=\"col small-12 large-12\"  >\n\t\t\t\t<div class=\"col-inner\"  >\n\t\t\t\n\t\t\t\n\n<p>\u00c5ka buss \u00e4r trevligt! Redan f\u00f6rsta resdagen f\u00e5r du nya v\u00e4nner eller kanske tr\u00e4ffa gamla bekanta med gemensamma reseminnen. \u00c4ven sj\u00e4lva resan till semesterm\u00e5let blir sp\u00e4nnande med kortare bes\u00f6k vid sidan av stora v\u00e4gar och med bussen kommer du alltid n\u00e4ra till sev\u00e4rdheterna.<\/p>\n\n\t\t<\/div>\n\t\t\t\t\t<\/div>\n\n\t\n\n\t<div id=\"col-1388633671\" class=\"col medium-6 small-12 large-6\"  >\n\t\t\t\t<div class=\"col-inner\"  >\n\t\t\t\n\t\t\t\n\n<div class=\"container section-title-container\" ><h3 class=\"section-title section-title-normal\"><b><\/b><span class=\"section-title-main\" >V\u00c5RA BUSSAR<\/span><b><\/b><\/h3><\/div>\n\n<p>Alla bussar \u00e4r helturistbussar, r\u00f6kfria och utrustade med bekv\u00e4ma f\u00e4llbara s\u00e4ten, WC, s\u00e4kerhetsb\u00e4lten, luftkonditionering, WIFI TV\/DVD-AUX, eluttag vid varje s\u00e4tt, kylsk\u00e5p. Vi k\u00f6r ca 3-4 timmar och stannar f\u00f6r benstr\u00e4ckare med kaffe och lunchpauser.<\/p>\n\n\t\t<\/div>\n\t\t\t\t\t<\/div>\n\n\t\n\n\t<div id=\"col-2040133917\" class=\"col medium-6 small-12 large-6\"  >\n\t\t\t\t<div class=\"col-inner\"  >\n\t\t\t\n\t\t\t\n\n<div class=\"container section-title-container\" ><h3 class=\"section-title section-title-normal\"><b><\/b><span class=\"section-title-main\" >PASS<\/span><b><\/b><\/h3><\/div>\n\n<p>Trots att passkontroll endast sker i undantagsfall inom Schengenomr\u00e5det, m\u00e5ste du kunna legitimera dig under vistelsen utomlands. Passet och det nationella id-kortet \u00e4r d\u00e5 de enda giltiga dokument som styrker identitet och medborgarskap.<\/p>\n\n\t\t<\/div>\n\t\t\t\t\t<\/div>\n\n\t\n\n\t<div id=\"col-997868939\" class=\"col medium-6 small-12 large-6\"  >\n\t\t\t\t<div class=\"col-inner\"  >\n\t\t\t\n\t\t\t\n\n<div class=\"container section-title-container\" ><h3 class=\"section-title section-title-normal\"><b><\/b><span class=\"section-title-main\" >P\u00e5stigningsplatser<\/span><b><\/b><\/h3><\/div>\n\n<p>Vi har p\u00e5stigning fr\u00e5n flera orter. Inga anslutningstill\u00e4gg f\u00f6rekommer fr\u00e5n de p\u00e5stigningsorter som vi erbjuder, dock kan det f\u00f6rekomma anslutningsbussar till och fr\u00e5n huvudbussen med anledning av chauff\u00f6rens arbetstider.&nbsp;<\/p>\n\n\t\t<\/div>\n\t\t\t\t\t<\/div>\n\n\t\n\n\t<div id=\"col-1042859815\" class=\"col medium-6 small-12 large-6\"  >\n\t\t\t\t<div class=\"col-inner\"  >\n\t\t\t\n\t\t\t\n\n<div class=\"container section-title-container\" ><h3 class=\"section-title section-title-normal\"><b><\/b><span class=\"section-title-main\" >\u00d6NSKEM\u00c5L<\/span><b><\/b><\/h3><\/div>\n\n<p>\u00d6nskem\u00e5l om att sitta tillsammans i buss och restaurang samt \u00f6nskem\u00e5l om rum n\u00e4ra varandra o.s.v. ska meddelas vid bokning. Plats l\u00e5ngt fram i bussen kan endast ske i m\u00e5n av plats. Vi kan inte garantera utfallet.&nbsp;<\/p>\n\n\t\t<\/div>\n\t\t\t\t\t<\/div>\n\n\t\n\n<\/div>\n<div class=\"row\"  id=\"row-2083969085\">\n\n\n\t<div id=\"col-1371743425\" class=\"col medium-6 small-12 large-6\"  >\n\t\t\t\t<div class=\"col-inner\"  >\n\t\t\t\n\t\t\t\n\n<div class=\"container section-title-container\" ><h3 class=\"section-title section-title-normal\"><b><\/b><span class=\"section-title-main\" >BORTGL\u00d6MT<\/span><b><\/b><\/h3><\/div>\n\n<p>&nbsp;Har du gl\u00f6mt n\u00e5got p\u00e5 bussen? Vi har ingen samlad hantering av f\u00f6rem\u00e5l som gl\u00f6mts ombord. Hittar du sj\u00e4lv n\u00e5got som en medresen\u00e4r har gl\u00f6mt kvar, l\u00e4mna det till personalen ombord eller bussf\u00f6raren. Vi har tyv\u00e4rr mycket begr\u00e4nsade resurser till efterlysning. Kontrollera d\u00e4rf\u00f6r mycket noggrant hotellrum, restaurang och buss innan du l\u00e4mnar dessa.<\/p>\n\n\t\t<\/div>\n\t\t\t\t\t<\/div>\n\n\t\n\n\t<div id=\"col-1732838439\" class=\"col medium-6 small-12 large-6\"  >\n\t\t\t\t<div class=\"col-inner\"  >\n\t\t\t\n\t\t\t\n\n<div class=\"container section-title-container\" ><h3 class=\"section-title section-title-normal\"><b><\/b><span class=\"section-title-main\" >BETALNING<\/span><b><\/b><\/h3><\/div>\n\n<p>Betalning av resan Efter gjord bokning erh\u00e5ller man Resebevis samt inbetalningskort med OCR nummer. <br \/>Dessa ska betalas till BG 391-4033, som st\u00e5r angivet p\u00e5 inbetalningskortet. Priserna I v\u00e5rt program ser du tydligt vad som ing\u00e5r i resans pris.<\/p>\n\n\t\t<\/div>\n\t\t\t\t\t<\/div>\n\n\t\n\n<\/div>\n\t<section class=\"section dark\" id=\"section_1035486939\">\n\t\t<div class=\"bg section-bg fill bg-fill  bg-loaded\" >\n\n\t\t\t\n\t\t\t<div class=\"section-bg-overlay absolute fill\"><\/div>\n\t\t\t\n\n\t\t<\/div>\n\n\t\t\n\n\t\t<div class=\"section-content relative\">\n\t\t\t\n\n<div class=\"row align-equal\"  id=\"row-370767010\">\n\n\n\t<div id=\"col-1001874977\" class=\"col medium-6 small-12 large-6\"  >\n\t\t\t\t<div class=\"col-inner\"  >\n\t\t\t\n\t\t\t\n\n<div class=\"container section-title-container\" ><h3 class=\"section-title section-title-normal\"><b><\/b><span class=\"section-title-main\" >F\u00d6R STORA GRUPPER<\/span><b><\/b><\/h3><\/div>\n\n\t<div class=\"img has-hover x md-x lg-x y md-y lg-y\" id=\"image_1586733360\">\n\t\t\t\t\t\t\t\t<div class=\"img-inner image-cover dark\" style=\"padding-top:75%;\">\n\t\t\t<img loading=\"lazy\" decoding=\"async\" width=\"1020\" height=\"765\" src=\"https:\/\/ed-bussresor.se\/wp-content\/uploads\/2019\/10\/IMG-0744-1024x768.jpg\" class=\"attachment-large size-large\" alt=\"\" srcset=\"https:\/\/ed-bussresor.se\/wp-content\/uploads\/2019\/10\/IMG-0744-1024x768.jpg 1024w, https:\/\/ed-bussresor.se\/wp-content\/uploads\/2019\/10\/IMG-0744-500x375.jpg 500w, https:\/\/ed-bussresor.se\/wp-content\/uploads\/2019\/10\/IMG-0744-300x225.jpg 300w, https:\/\/ed-bussresor.se\/wp-content\/uploads\/2019\/10\/IMG-0744-768x576.jpg 768w, https:\/\/ed-bussresor.se\/wp-content\/uploads\/2019\/10\/IMG-0744-1536x1152.jpg 1536w, https:\/\/ed-bussresor.se\/wp-content\/uploads\/2019\/10\/IMG-0744.jpg 1600w\" sizes=\"auto, (max-width: 1020px) 100vw, 1020px\" \/>\t\t\t\t\t\t\n\t\t\t\t\t<\/div>\n\t\t\t\t\t\t\t\t\n<style>\n#image_1586733360 {\n  width: 100%;\n}\n<\/style>\n\t<\/div>\n\t\n\n<p>Vi finns n\u00e4r du vill hyra buss och chauff\u00f6r! Med dep\u00e5er \u00f6ver flera orter i Sverige&nbsp; kan vi ta hand om alla sorters uppdrag. Hos oss kan ni boka buss oavsett om det handlar om en enkel transfer eller en l\u00e4ngre resa som str\u00e4cker sig \u00f6ver flera dagar. Med v\u00e5ra moderna bussar k\u00f6r vi b\u00e5de inrikes och utrikes.<\/p>\n\n\t\t<\/div>\n\t\t\t\t\t<\/div>\n\n\t\n\n\t<div id=\"col-1006175611\" class=\"col medium-6 small-12 large-6\"  >\n\t\t\t\t<div class=\"col-inner\"  >\n\t\t\t\n\t\t\t\n\n<div class=\"container section-title-container\" ><h3 class=\"section-title section-title-normal\"><b><\/b><span class=\"section-title-main\" >F\u00f6r en mindre grupp<\/span><b><\/b><\/h3><\/div>\n\n\t<div class=\"img has-hover x md-x lg-x y md-y lg-y\" id=\"image_95372331\">\n\t\t\t\t\t\t\t\t<div class=\"img-inner image-cover dark\" style=\"padding-top:75%;\">\n\t\t\t<img loading=\"lazy\" decoding=\"async\" width=\"1020\" height=\"765\" src=\"https:\/\/ed-bussresor.se\/wp-content\/uploads\/2019\/10\/mini6-1024x768.jpg\" class=\"attachment-large size-large\" alt=\"\" srcset=\"https:\/\/ed-bussresor.se\/wp-content\/uploads\/2019\/10\/mini6-1024x768.jpg 1024w, https:\/\/ed-bussresor.se\/wp-content\/uploads\/2019\/10\/mini6-1800x1350.jpg 1800w, https:\/\/ed-bussresor.se\/wp-content\/uploads\/2019\/10\/mini6-300x225.jpg 300w, https:\/\/ed-bussresor.se\/wp-content\/uploads\/2019\/10\/mini6-768x576.jpg 768w, https:\/\/ed-bussresor.se\/wp-content\/uploads\/2019\/10\/mini6-1536x1152.jpg 1536w, https:\/\/ed-bussresor.se\/wp-content\/uploads\/2019\/10\/mini6.jpg 2048w\" sizes=\"auto, (max-width: 1020px) 100vw, 1020px\" \/>\t\t\t\t\t\t\n\t\t\t\t\t<\/div>\n\t\t\t\t\t\t\t\t\n<style>\n#image_95372331 {\n  width: 100%;\n}\n<\/style>\n\t<\/div>\n\t\n\n<p>\u00c4r ni mindre grupp som \u00e5ker tillsammans \u00e4r detta ett perfekt val. Bekv\u00e4m transport med extra komfort kompletteras med&nbsp; l\u00e4tt bilsl\u00e4p f\u00f6r extra bagage och utrustning. Vi hj\u00e4lper till att skr\u00e4ddarsy resan efter era \u00f6nskem\u00e5l och svarar p\u00e5 alla era fr\u00e5gor och funderingar kring resan.<\/p>\n<p>&nbsp;<\/p>\n\n\t\t<\/div>\n\t\t\t\t\t<\/div>\n\n\t\n\n<\/div>\n\n\t\t<\/div>\n\n\t\t\n<style>\n#section_1035486939 {\n  padding-top: 30px;\n  padding-bottom: 30px;\n  background-color: rgb(68, 96, 132);\n}\n#section_1035486939 .section-bg-overlay {\n  background-color: rgba(157, 157, 157, 0.5);\n}\n#section_1035486939 .ux-shape-divider--top svg {\n  height: 150px;\n  --divider-top-width: 100%;\n}\n#section_1035486939 .ux-shape-divider--bottom svg {\n  height: 150px;\n  --divider-width: 100%;\n}\n<\/style>\n\t<\/section>\n\t\n\n","protected":false},"excerpt":{"rendered":"","protected":false},"author":3,"featured_media":0,"parent":0,"menu_order":0,"comment_status":"closed","ping_status":"closed","template":"page-blank.php","meta":{"footnotes":""},"class_list":["post-4122","page","type-page","status-publish","hentry"],"_links":{"self":[{"href":"https:\/\/ed-bussresor.se\/index.php?rest_route=\/wp\/v2\/pages\/4122","targetHints":{"allow":["GET"]}}],"collection":[{"href":"https:\/\/ed-bussresor.se\/index.php?rest_route=\/wp\/v2\/pages"}],"about":[{"href":"https:\/\/ed-bussresor.se\/index.php?rest_route=\/wp\/v2\/types\/page"}],"author":[{"embeddable":true,"href":"https:\/\/ed-bussresor.se\/index.php?rest_route=\/wp\/v2\/users\/3"}],"replies":[{"embeddable":true,"href":"https:\/\/ed-bussresor.se\/index.php?rest_route=%2Fwp%2Fv2%2Fcomments&post=4122"}],"version-history":[{"count":14,"href":"https:\/\/ed-bussresor.se\/index.php?rest_route=\/wp\/v2\/pages\/4122\/revisions"}],"predecessor-version":[{"id":6585,"href":"https:\/\/ed-bussresor.se\/index.php?rest_route=\/wp\/v2\/pages\/4122\/revisions\/6585"}],"wp:attachment":[{"href":"https:\/\/ed-bussresor.se\/index.php?rest_route=%2Fwp%2Fv2%2Fmedia&parent=4122"}],"curies":[{"name":"wp","href":"https:\/\/api.w.org\/{rel}","templated":true}]}}